site?
False
Is 171023 composite?
False
Is 55262 a composite number?
True
Is 58567 a composite number?
False
Is 244633 a prime number?
True
Is 69809 a prime number?
True
Is 370099 a composite number?
True
Is 12009 composite?
True
Is 406849 a composite number?
True
Is 9193 a composite number?
True
Is 2033 a prime number?
False
Is 126695 a prime number?
False
Is 175387 a prime number?
False
Is 44353 prime?
False
Is 467 a composite number?
False
Is 49291 prime?
False
Is 1259 prime?
True
Is 180137 prime?
True
Is 1394573 composite?
False
Is 14095 a composite number?
True
Is 155131 composite?
True
Is 25735 a prime number?
False
Is 31013 composite?
False
Is 278935 a prime number?
False
Is 42641 a composite number?
False
Is 14281 prime?
True
Is 2333 prime?
True
Is 406697 a prime number?
True
Is 22961 composite?
False
Is 12781 composite?
False
Is 13173 a composite number?
True
Is 125435 a prime number?
False
Is 1597 a prime number?
True
Is 893993 composite?
True
Is 233969 a prime number?
True
Is 23789 prime?
True
Is 1136147 composite?
False
Is 5987 a prime number?
True
Is 132115 composite?
True
Is 659899 composite?
False
Is 62243 a prime number?
False
Is 9355 a prime number?
False
Is 15403799 a composite number?
False
Is 127201 prime?
False
Is 313471 prime?
True
Is 22535 a composite number?
True
Is 286859 a prime number?
True
Is 5123 composite?
True
Is 499003 composite?
True
Is 49103 composite?
False
Is 3919 prime?
True
Is 271037 a composite number?
True
Is 50187 composite?
True
Is 64217 prime?
True
Is 657281 a composite number?
False
Is 11303 prime?
False
Is 191402 composite?
True
Is 127137 a prime number?
False
Is 3943 prime?
True
Is 297953 composite?
False
Is 7606 a composite number?
True
Is 58 composite?
True
Is 2063 a composite number?
False
Is 23399 a prime number?
True
Is 539341 a composite number?
True
Is 13103 prime?
True
Is 122079 a composite number?
True
Is 13207 a prime number?
False
Is 460267 a prime number?
True
Is 53077 prime?
True
Is 596821 a prime number?
True
Is 214559 composite?
False
Is 62039 a prime number?
True
Is 263201 composite?
False
Is 11383 composite?
False
Is 5843063 prime?
True
Is 493 composite?
True
Is 46763 a composite number?
True
Is 1969 prime?
False
Is 1345 a composite number?
True
Is 727409 composite?
False
Is 3739 a composite number?
False
Is 570389 a composite number?
False
Is 237467 a prime number?
True
Is 1471 composite?
False
Is 98179 composite?
False
Is 6598 prime?
False
Is 18514 prime?
False
Is 930437 a composite number?
False
Is 1073951 prime?
True
Is 80819 composite?
False
Is 185795 composite?
True
Is 68567 a prime number?
True
Is 1985 a composite number?
True
Is 8149 a composite number?
True
Is 3939751 composite?
True
Is 837931 composite?
False
Is 20143 composite?
False
Is 153491 a composite number?
True
Is 1801 prime?
True
Is 21737 a prime number?
True
Is 8137 composite?
True
Is 96283 prime?
False
Is 60317 a prime number?
True
Is 248243 composite?
False
Is 83857 a prime number?
True
Is 50279 a prime number?
False
Is 55291 a composite number?
False
Is 4853 a prime number?
False
Is 88553 prime?
False
Is 33851 a prime number?
True
Is 1003 prime?
False
Is 71983 a composite number?
False
Is 22613 prime?
True
Is 19553 prime?
True
Is 6709 prime?
True
Is 269449 composite?
True
Is 4481 a prime number?
True
Is 72817 composite?
False
Is 77999 a composite number?
False
Is 83689 prime?
True
Is 10705 prime?
False
Is 204065 a prime number?
False
Is 388363 a prime number?
True
Is 22141 composite?
True
Is 5919 prime?
False
Is 85971 a prime number?
False
Is 15389 a composite number?
True
Is 2749 a composite number?
False
Is 23501 prime?
False
Is 2566 composite?
True
Is 22789 a prime number?
False
Is 4561 composite?
False
Is 971 a prime number?
True
Is 288049 a composite number?
False
Is 8777 composite?
True
Is 6333 prime?
False
Is 1469 prime?
False
Is 212845 a prime number?
False
Is 6653 prime?
True
Is 17897 a composite number?
True
Is 97877 prime?
False
Is 10559 prime?
True
Is 35 a composite number?
True
Is 70493 prime?
False
Is 18317 prime?
False
Is 5006 a composite number?
True
Is 7637 composite?
True
Is 468701 a composite number?
True
Is 46301 composite?
False
Is 182999 a prime number?
True
Is 210179 a prime number?
False
Is 70169 a prime number?
False
Is 48907 prime?
True
Is 6261335 prime?
False
Is 371263 composite?
True
Is 673061 composite?
True
Is 3949337 composite?
True
Is 55579 a prime number?
True
Is 105863 a prime number?
True
Is 39553 a prime number?
False
Is 136393 prime?
True
Is 7339 a composite number?
True
Is 145633 a prime number?
True
Is 41369 a composite number?
True
Is 130793 composite?
True
Is 20759 prime?
True
Is 75679 a prime number?
True
Is 187027 prime?
True
Is 11341 a prime number?
False
Is 5989 a composite number?
True
Is 6502 prime?
False
Is 1015499 composite?
False
Is 28759 a composite number?
False
Is 103613 a prime number?
True
Is 14519 a prime number?
True
Is 144295 composite?
True
Is 37234 prime?
False
Is 105295 composite?
True
Is 24239 prime?
True
Is 290753 a composite number?
True
Is 53913 prime?
False
Is 191861 a prime number?
True
Is 7051 a composite number?
True
Is 12569 prime?
True
Is 122237 composite?
True
Is 1644361 composite?
False
Is 360749 a composite number?
False
Is 7393 prime?
True
Is 5458 a prime number?
False
Is 372427 a composite number?
True
Is 77557 a composite number?
False
Is 249367 composite?
False
Is 106973 a prime number?
False
Is 3777 a composite number?
True
Is 1086073 a prime number?
True
Is 12149 a composite number?
False
Is 51329 prime?
True
Is 58787 a composite number?
False
Is 577 a composite number?
False
Is 3221269 composite?
False
Is 1578581 a composite number?
False
Is 31139 prime?
True
Is 410183 a prime number?
False
Is 35914 a prime number?
False
Is 16843 a prime number?
True
Is 3433 a prime number?
True
Is 141433 a prime number?
False
Is 3947 a composite number?
False
Is 8727 a composite number?
True
Is 3036061 prime?
False
Is 166087 a prime number?
False
Is 26762 composite?
True
Is 5879 a composite number?
False
Is 18367 a composite number?
False
Is 12941 prime?
True
Is 133997 composite?
True
Is 25559 composite?
True
Is 7069 a composite number?
False
Is 26479 a composite number?
False
Is 118607 prime?
False
Is 121829 prime?
False
Is 131 prime?
True
Is 323401 prime?
False
Is 146009 a composite number?
False
Is 174037 a composite number?
True
Is 124259 a composite number?
True
Is 428215 prime?
False
Is 572233 composite?
False
Is 266603 a prime number?
True
Is 141023 a composite number?
False
Is 1557755 a composite number?
True
Is 2615047 a prime number?
True
Is 23099 prime?
True
Is 207847 a composite number?
False
Is 47209 prime?
False
Is 435197 a prime number?
False
Is 11311 a composite number?
False
Is 91447 a composite number?
True
Is 77186 a prime number?
False
Is 2128219 prime?
False
Is 109097 prime?
True
Is 72797 a composite number?
False
Is 26849 composite?
False
Is 2554003 composite?
False
Is 131203 a prime number?
True
Is 7264739 a composite number?
False
Is 82867 composite?
True
Is 196043 a composite number?
False
Is 177563 a prime number?
False
Is 132442 prime?
False
Is 3271 composite?
False
Is 135689 composite?
True
Is 251 prime?
True
Is 13261 a composite number?
True
Is 197801 a prime number?
False
Is 106721 a prime number?
True
Is 337793 a composite number?
False
Is 37203 prime?
False
Is 17093 a composite number?
False
Is 265 a prime number?
False
Is 4915 a prime number?
False
Is 1831633 prime?
True
Is 33247 composite?
False
Is 5971 prime?
False
Is 1134867 composite?
True
Is 97271 composite?
True
Is 39019 a prime number?
True
Is 5147 composite?
False
Is 2419 a composite number?
True
Is 101561 prime?
True
Is 15121 a composite number?
False
Is 3151 prime?
False
Is 53167 a composite number?
True
Is 1008001 a composite number?
False
Is 3077 prime?
False
Is 10713 composite?
True
Is 4783 composite?
False
Is 1973 composite?
False
Is 58337 composite?
False
Is 65201 prime?
False
Is 123757 a prime number?
True
Is 2767915 composite?
True
Is 30817 a prime number?
True
Is 534629 a prime number?
True
Is 135959 prime?
False
Is 4111 prime?
True
Is 12955 prime?
False
Is 171991 prime?
False
Is 32831 prime?
True
Is 462857 a prime number?
False
Is 4373 comp